{"id":5330,"date":"2022-03-07T15:08:08","date_gmt":"2022-03-07T15:08:08","guid":{"rendered":"https:\/\/www.fundacioolgatorres.org\/dr-josep-m-montane-sorigue\/"},"modified":"2022-03-22T10:25:21","modified_gmt":"2022-03-22T10:25:21","slug":"dr-josep-m-montane-sorigue","status":"publish","type":"page","link":"https:\/\/www.fundacioolgatorres.org\/es\/dr-josep-m-montane-sorigue\/","title":{"rendered":"Dr. Josep M Montan\u00e9 Sorigu\u00e9"},"content":{"rendered":"\t\t<div data-elementor-type=\"wp-page\" data-elementor-id=\"5330\" class=\"elementor elementor-5330 elementor-4865\" data-elementor-post-type=\"page\">\n\t\t\t\t\t\t<section class=\"elementor-section elementor-top-section elementor-element elementor-element-40f4acc elementor-section-boxed elementor-section-height-default elementor-section-height-default\" data-id=\"40f4acc\" data-element_type=\"section\" data-e-type=\"section\">\n\t\t\t\t\t\t<div class=\"elementor-container elementor-column-gap-default\">\n\t\t\t\t\t<div class=\"elementor-column elementor-col-100 elementor-top-column elementor-element elementor-element-1a254c0\" data-id=\"1a254c0\" data-element_type=\"column\" data-e-type=\"column\">\n\t\t\t<div class=\"elementor-widget-wrap elementor-element-populated\">\n\t\t\t\t\t\t<div class=\"elementor-element elementor-element-7e765ff elementor-widget elementor-widget-spacer\" data-id=\"7e765ff\" data-element_type=\"widget\" data-e-type=\"widget\" data-widget_type=\"spacer.default\">\n\t\t\t\t<div class=\"elementor-widget-container\">\n\t\t\t\t\t\t\t<div class=\"elementor-spacer\">\n\t\t\t<div class=\"elementor-spacer-inner\"><\/div>\n\t\t<\/div>\n\t\t\t\t\t\t<\/div>\n\t\t\t\t<\/div>\n\t\t\t\t\t<\/div>\n\t\t<\/div>\n\t\t\t\t\t<\/div>\n\t\t<\/section>\n\t\t\t\t<section class=\"elementor-section elementor-top-section elementor-element elementor-element-e99e4e0 elementor-section-boxed elementor-section-height-default elementor-section-height-default\" data-id=\"e99e4e0\" data-element_type=\"section\" data-e-type=\"section\">\n\t\t\t\t\t\t<div class=\"elementor-container elementor-column-gap-default\">\n\t\t\t\t\t<div class=\"elementor-column elementor-col-50 elementor-top-column elementor-element elementor-element-4f2946f\" data-id=\"4f2946f\" data-element_type=\"column\" data-e-type=\"column\">\n\t\t\t<div class=\"elementor-widget-wrap elementor-element-populated\">\n\t\t\t\t\t\t<div class=\"elementor-element elementor-element-712e5c0 elementor-hidden-mobile elementor-widget elementor-widget-spacer\" data-id=\"712e5c0\" data-element_type=\"widget\" data-e-type=\"widget\" data-widget_type=\"spacer.default\">\n\t\t\t\t<div class=\"elementor-widget-container\">\n\t\t\t\t\t\t\t<div class=\"elementor-spacer\">\n\t\t\t<div class=\"elementor-spacer-inner\"><\/div>\n\t\t<\/div>\n\t\t\t\t\t\t<\/div>\n\t\t\t\t<\/div>\n\t\t\t\t<div class=\"elementor-element elementor-element-d3c93a4 elementor-widget elementor-widget-heading\" data-id=\"d3c93a4\" data-element_type=\"widget\" data-e-type=\"widget\" data-widget_type=\"heading.default\">\n\t\t\t\t<div class=\"elementor-widget-container\">\n\t\t\t\t\t<h2 class=\"elementor-heading-title elementor-size-default\">Dr. Josep M Montan\u00e9 Sorigu\u00e9<\/h2>\t\t\t\t<\/div>\n\t\t\t\t<\/div>\n\t\t\t\t<div class=\"elementor-element elementor-element-4b49ab2 elementor-widget elementor-widget-heading\" data-id=\"4b49ab2\" data-element_type=\"widget\" data-e-type=\"widget\" data-widget_type=\"heading.default\">\n\t\t\t\t<div class=\"elementor-widget-container\">\n\t\t\t\t\t<h2 class=\"elementor-heading-title elementor-size-large\">Vocal del Patronato de la Fundaci\u00f3n<\/h2>\t\t\t\t<\/div>\n\t\t\t\t<\/div>\n\t\t\t\t\t<\/div>\n\t\t<\/div>\n\t\t\t\t<div class=\"elementor-column elementor-col-50 elementor-top-column elementor-element elementor-element-392cb82\" data-id=\"392cb82\" data-element_type=\"column\" data-e-type=\"column\">\n\t\t\t<div class=\"elementor-widget-wrap elementor-element-populated\">\n\t\t\t\t\t\t<div class=\"elementor-element elementor-element-af96d9b elementor-widget elementor-widget-image\" data-id=\"af96d9b\" data-element_type=\"widget\" data-e-type=\"widget\" data-widget_type=\"image.default\">\n\t\t\t\t<div class=\"elementor-widget-container\">\n\t\t\t\t\t\t\t\t\t\t\t\t\t\t\t<img fetchpriority=\"high\" decoding=\"async\" width=\"300\" height=\"375\" src=\"https:\/\/www.fundacioolgatorres.org\/wp-content\/uploads\/2022\/02\/josep-maria-montanet-patronat-organigrama.jpg\" class=\"attachment-large size-large wp-image-4736\" alt=\"\" srcset=\"https:\/\/www.fundacioolgatorres.org\/wp-content\/uploads\/2022\/02\/josep-maria-montanet-patronat-organigrama.jpg 300w, https:\/\/www.fundacioolgatorres.org\/wp-content\/uploads\/2022\/02\/josep-maria-montanet-patronat-organigrama-240x300.jpg 240w\" sizes=\"(max-width: 300px) 100vw, 300px\" \/>\t\t\t\t\t\t\t\t\t\t\t\t\t\t\t<\/div>\n\t\t\t\t<\/div>\n\t\t\t\t\t<\/div>\n\t\t<\/div>\n\t\t\t\t\t<\/div>\n\t\t<\/section>\n\t\t\t\t<section class=\"elementor-section elementor-top-section elementor-element elementor-element-ef7d2d9 elementor-section-boxed elementor-section-height-default elementor-section-height-default\" data-id=\"ef7d2d9\" data-element_type=\"section\" data-e-type=\"section\">\n\t\t\t\t\t\t<div class=\"elementor-container elementor-column-gap-default\">\n\t\t\t\t\t<div class=\"elementor-column elementor-col-100 elementor-top-column elementor-element elementor-element-1c0c85c\" data-id=\"1c0c85c\" data-element_type=\"column\" data-e-type=\"column\">\n\t\t\t<div class=\"elementor-widget-wrap elementor-element-populated\">\n\t\t\t\t\t\t<div class=\"elementor-element elementor-element-166939c elementor-widget elementor-widget-text-editor\" data-id=\"166939c\" data-element_type=\"widget\" data-e-type=\"widget\" data-widget_type=\"text-editor.default\">\n\t\t\t\t<div class=\"elementor-widget-container\">\n\t\t\t\t\t\t\t\t\t<p>Licenciado en Medicina i Cirurg\u00eda.<\/p><p>Especialista en medicina interna i gastroenterolog\u00eda<\/p><p>Responsable del apartado de Ostom\u00edas del web de la FOT<\/p><p>Graduado en Medicina y Cirug\u00eda por la Universitat Central de Barcelona 1973. Licenciatura en Medicina y Cirug\u00eda con calificaci\u00f3n de Notable Pr\u00e1cticas de rotatorio en el Hospital Cl\u00ednic d Barcelona. Especialista en Cirug\u00eda General y Digestiva en la escuela profesional Prof. Pere Piulachs.<\/p><p>\u00a0<\/p><p><strong>Formaci\u00f3n profesional<\/strong><\/p><ul><li>Unidad de Coloproctologia del Hospital de la Santa Creu i Sant Pau, Prof. Gim\u00e9nez Salinas<\/li><li>Unidad de coloproctolog\u00eda del Hospital del Sagrat Cor. Dr. R Re\u00f1aga<\/li><li>St Mark\u2019s Hospital. Prof J. Nichols. Londres<\/li><li>Prosper Hospital. Prof J. Girona Rcklinghausen<\/li><li>General Infirmary at Leeds. Prof J. Goligher<\/li><\/ul><p>\u00a0<\/p><p><strong>Experiencia profesional<\/strong><\/p><ul><li>Jefe de la Unidad de Coloproctolog\u00eda. Hospital Parc Taul\u00ed Sabadell.<\/li><li>Cirujano del Institut Catal\u00e0 de Salut por concurso oposici\u00f3n Unidad de proctologia, Hospital General de Catalunya.<\/li><\/ul>\t\t\t\t\t\t\t\t<\/div>\n\t\t\t\t<\/div>\n\t\t\t\t\t<\/div>\n\t\t<\/div>\n\t\t\t\t\t<\/div>\n\t\t<\/section>\n\t\t\t\t<section class=\"elementor-section elementor-top-section elementor-element elementor-element-1d5843a elementor-section-boxed elementor-section-height-default elementor-section-height-default\" data-id=\"1d5843a\" data-element_type=\"section\" data-e-type=\"section\">\n\t\t\t\t\t\t<div class=\"elementor-container elementor-column-gap-default\">\n\t\t\t\t\t<div class=\"elementor-column elementor-col-100 elementor-top-column elementor-element elementor-element-15a29fc\" data-id=\"15a29fc\" data-element_type=\"column\" data-e-type=\"column\">\n\t\t\t<div class=\"elementor-widget-wrap elementor-element-populated\">\n\t\t\t\t\t\t<div class=\"elementor-element elementor-element-440c109 elementor-widget elementor-widget-spacer\" data-id=\"440c109\" data-element_type=\"widget\" data-e-type=\"widget\" data-widget_type=\"spacer.default\">\n\t\t\t\t<div class=\"elementor-widget-container\">\n\t\t\t\t\t\t\t<div class=\"elementor-spacer\">\n\t\t\t<div class=\"elementor-spacer-inner\"><\/div>\n\t\t<\/div>\n\t\t\t\t\t\t<\/div>\n\t\t\t\t<\/div>\n\t\t\t\t\t<\/div>\n\t\t<\/div>\n\t\t\t\t\t<\/div>\n\t\t<\/section>\n\t\t\t\t<\/div>\n\t\t","protected":false},"excerpt":{"rendered":"<p>Dr. Josep M Montan\u00e9 Sorigu\u00e9 Vocal del Patronato de la Fundaci\u00f3n Licenciado en Medicina i Cirurg\u00eda. Especialista en medicina interna i gastroenterolog\u00eda Responsable del apartado de Ostom\u00edas del web de la FOT Graduado en Medicina y Cirug\u00eda por la Universitat Central de Barcelona 1973. Licenciatura en Medicina y Cirug\u00eda con calificaci\u00f3n de Notable Pr\u00e1cticas de [&hellip;]<\/p>\n","protected":false},"author":1,"featured_media":0,"parent":0,"menu_order":0,"comment_status":"closed","ping_status":"closed","template":"","meta":{"give_campaign_id":0,"footnotes":""},"class_list":["post-5330","page","type-page","status-publish","hentry"],"campaignId":"","_links":{"self":[{"href":"https:\/\/www.fundacioolgatorres.org\/es\/wp-json\/wp\/v2\/pages\/5330","targetHints":{"allow":["GET"]}}],"collection":[{"href":"https:\/\/www.fundacioolgatorres.org\/es\/wp-json\/wp\/v2\/pages"}],"about":[{"href":"https:\/\/www.fundacioolgatorres.org\/es\/wp-json\/wp\/v2\/types\/page"}],"author":[{"embeddable":true,"href":"https:\/\/www.fundacioolgatorres.org\/es\/wp-json\/wp\/v2\/users\/1"}],"replies":[{"embeddable":true,"href":"https:\/\/www.fundacioolgatorres.org\/es\/wp-json\/wp\/v2\/comments?post=5330"}],"version-history":[{"count":0,"href":"https:\/\/www.fundacioolgatorres.org\/es\/wp-json\/wp\/v2\/pages\/5330\/revisions"}],"wp:attachment":[{"href":"https:\/\/www.fundacioolgatorres.org\/es\/wp-json\/wp\/v2\/media?parent=5330"}],"curies":[{"name":"wp","href":"https:\/\/api.w.org\/{rel}","templated":true}]}}

Dr. Josep M Montané Sorigué

<div data-elementor-type="wp-page" data-elementor-id="5330" class="elementor elementor-5330 elementor-4865" data-elementor-post-type="page">
						<section class="elementor-section elementor-top-section elementor-element elementor-element-40f4acc elementor-section-boxed elementor-section-height-default elementor-section-height-default" data-id="40f4acc" data-element_type="section" data-e-type="section">
						<div class="elementor-container elementor-column-gap-default">
					<div class="elementor-column elementor-col-100 elementor-top-column elementor-element elementor-element-1a254c0" data-id="1a254c0" data-element_type="column" data-e-type="column">
			<div class="elementor-widget-wrap elementor-element-populated">
						<div class="elementor-element elementor-element-7e765ff elementor-widget elementor-widget-spacer" data-id="7e765ff" data-element_type="widget" data-e-type="widget" data-widget_type="spacer.default">
				<div class="elementor-widget-container">
							<div class="elementor-spacer">
			<div class="elementor-spacer-inner"></div>
		</div>
						</div>
				</div>
					</div>
		</div>
					</div>
		</section>
				<section class="elementor-section elementor-top-section elementor-element elementor-element-e99e4e0 elementor-section-boxed elementor-section-height-default elementor-section-height-default" data-id="e99e4e0" data-element_type="section" data-e-type="section">
						<div class="elementor-container elementor-column-gap-default">
					<div class="elementor-column elementor-col-50 elementor-top-column elementor-element elementor-element-4f2946f" data-id="4f2946f" data-element_type="column" data-e-type="column">
			<div class="elementor-widget-wrap elementor-element-populated">
						<div class="elementor-element elementor-element-712e5c0 elementor-hidden-mobile elementor-widget elementor-widget-spacer" data-id="712e5c0" data-element_type="widget" data-e-type="widget" data-widget_type="spacer.default">
				<div class="elementor-widget-container">
							<div class="elementor-spacer">
			<div class="elementor-spacer-inner"></div>
		</div>
						</div>
				</div>
				<div class="elementor-element elementor-element-d3c93a4 elementor-widget elementor-widget-heading" data-id="d3c93a4" data-element_type="widget" data-e-type="widget" data-widget_type="heading.default">
				<div class="elementor-widget-container">
					<h2 class="elementor-heading-title elementor-size-default">Dr. Josep M Montané Sorigué</h2>				</div>
				</div>
				<div class="elementor-element elementor-element-4b49ab2 elementor-widget elementor-widget-heading" data-id="4b49ab2" data-element_type="widget" data-e-type="widget" data-widget_type="heading.default">
				<div class="elementor-widget-container">
					<h2 class="elementor-heading-title elementor-size-large">Vocal del Patronato de la Fundación</h2>				</div>
				</div>
					</div>
		</div>
				<div class="elementor-column elementor-col-50 elementor-top-column elementor-element elementor-element-392cb82" data-id="392cb82" data-element_type="column" data-e-type="column">
			<div class="elementor-widget-wrap elementor-element-populated">
						<div class="elementor-element elementor-element-af96d9b elementor-widget elementor-widget-image" data-id="af96d9b" data-element_type="widget" data-e-type="widget" data-widget_type="image.default">
				<div class="elementor-widget-container">
															<img fetchpriority="high" decoding="async" width="300" height="375" src="https://www.fundacioolgatorres.org/wp-content/uploads/2022/02/josep-maria-montanet-patronat-organigrama.jpg" class="attachment-large size-large wp-image-4736" alt="" srcset="https://www.fundacioolgatorres.org/wp-content/uploads/2022/02/josep-maria-montanet-patronat-organigrama.jpg 300w, https://www.fundacioolgatorres.org/wp-content/uploads/2022/02/josep-maria-montanet-patronat-organigrama-240x300.jpg 240w" sizes="(max-width: 300px) 100vw, 300px" />															</div>
				</div>
					</div>
		</div>
					</div>
		</section>
				<section class="elementor-section elementor-top-section elementor-element elementor-element-ef7d2d9 elementor-section-boxed elementor-section-height-default elementor-section-height-default" data-id="ef7d2d9" data-element_type="section" data-e-type="section">
						<div class="elementor-container elementor-column-gap-default">
					<div class="elementor-column elementor-col-100 elementor-top-column elementor-element elementor-element-1c0c85c" data-id="1c0c85c" data-element_type="column" data-e-type="column">
			<div class="elementor-widget-wrap elementor-element-populated">
						<div class="elementor-element elementor-element-166939c elementor-widget elementor-widget-text-editor" data-id="166939c" data-element_type="widget" data-e-type="widget" data-widget_type="text-editor.default">
				<div class="elementor-widget-container">
									<p>Licenciado en Medicina i Cirurgía.</p><p>Especialista en medicina interna i gastroenterología</p><p>Responsable del apartado de Ostomías del web de la FOT</p><p>Graduado en Medicina y Cirugía por la Universitat Central de Barcelona 1973. Licenciatura en Medicina y Cirugía con calificación de Notable Prácticas de rotatorio en el Hospital Clínic d Barcelona. Especialista en Cirugía General y Digestiva en la escuela profesional Prof. Pere Piulachs.</p><p> </p><p><strong>Formación profesional</strong></p><ul><li>Unidad de Coloproctologia del Hospital de la Santa Creu i Sant Pau, Prof. Giménez Salinas</li><li>Unidad de coloproctología del Hospital del Sagrat Cor. Dr. R Reñaga</li><li>St Mark’s Hospital. Prof J. Nichols. Londres</li><li>Prosper Hospital. Prof J. Girona Rcklinghausen</li><li>General Infirmary at Leeds. Prof J. Goligher</li></ul><p> </p><p><strong>Experiencia profesional</strong></p><ul><li>Jefe de la Unidad de Coloproctología. Hospital Parc Taulí Sabadell.</li><li>Cirujano del Institut Català de Salut por concurso oposición Unidad de proctologia, Hospital General de Catalunya.</li></ul>								</div>
				</div>
					</div>
		</div>
					</div>
		</section>
				<section class="elementor-section elementor-top-section elementor-element elementor-element-1d5843a elementor-section-boxed elementor-section-height-default elementor-section-height-default" data-id="1d5843a" data-element_type="section" data-e-type="section">
						<div class="elementor-container elementor-column-gap-default">
					<div class="elementor-column elementor-col-100 elementor-top-column elementor-element elementor-element-15a29fc" data-id="15a29fc" data-element_type="column" data-e-type="column">
			<div class="elementor-widget-wrap elementor-element-populated">
						<div class="elementor-element elementor-element-440c109 elementor-widget elementor-widget-spacer" data-id="440c109" data-element_type="widget" data-e-type="widget" data-widget_type="spacer.default">
				<div class="elementor-widget-container">
							<div class="elementor-spacer">
			<div class="elementor-spacer-inner"></div>
		</div>
						</div>
				</div>
					</div>
		</div>
					</div>
		</section>
				</div>

<p>Dr. Josep M Montané Sorigué Vocal del Patronato de la Fundación Licenciado en Medicina i Cirurgía. Especialista en medicina interna i gastroenterología Responsable del apartado de Ostomías del web de la FOT Graduado en Medicina y Cirugía por la Universitat Central de Barcelona 1973. Licenciatura en Medicina y Cirugía con calificación de Notable Prácticas de [&hellip;]</p>
